15 - (-4 + 20))?
9
What is the value of 5 - 8 - -6 - (2 + 5 + 0)?
-4
What is the value of ((-18 - (7 + -14)) + 0 - 23) + 9?
-25
Calculate -4 - ((-22 - -9) + -8).
17
What is -1 + 7 + (0 - 6) + -31?
-31
Calculate (1 - (-3 - -5)) + 0 + (8 - -2).
9
What is the value of (3 - -1 - 3 - 10) + 55 + -54?
-8
What is the value of (2 - 16) + (14 - 2) + -3?
-5
Evaluate (-2 + 12 - -1) + -14 + (-1 - 5).
-9
(-36 - -98) + -35 + 1
28
Evaluate (5 - (15 - 13)) + 15 + 5.
23
Evaluate 27 - (1 + -15 + 26).
15
What is -14 + 46 - (35 - (-14 - -30))?
13
Calculate 10 + -18 + 42 + -22.
12
(17 - 1) + -9 + -10 + -22
-25
Calculate (-46 - -12) + (6 - -24).
-4
Evaluate -8 + -1 + (10 - 1) + (-250 - -237).
-13
Calculate -10 + 15 - 4 - (2 - (-1 + -2)).
-4
Calculate 3 - 6 - (16 + 4 + -9).
-14
What is 17 - 7 - 9 - ((-8 - -8) + -7)?
8
What is (18 - (24 - 10)) + 7?
11
Evaluate 1 + (3 - (-7 - (-18 - -15))).
8
Calculate 2 + (2 - (3 + -3)) + -4.
0
Evaluate 0 + (-5 - (-5 - (-3 + 14))).
11
-2 + -20 - (278 + -303)
3
What is the value of (21 - (-10 + 4)) + -14?
13
-39 + 44 - (1 + 1 + -2 + -12)
17
Calculate -3 + -14 + 25 + -13.
-5
What is the value of -10 + -1 - (-1 + 16 - (99 + -84))?
-11
(5 - 3 - (-19 + 30)) + -6
-15
Calculate (-438 - -425) + 15 + 1.
3
Evaluate (-2 - 1 - (-1 + 3)) + 24 + -17.
2
111 - 94 - (3 + 8)
6
1 + -2 + (-85 - -79)
-7
What is the value of -10 + 84 - 73 - (0 - (-11 - 1))?
-11
What is the value of -3 - -4 - (-7 - -16 - -10)?
-18
Calculate 5 + (-14 - -3) + (-5 - (28 - 6)).
-33
Evaluate -1 + -1 - 7 - (38 + -24 + -38).
15
What is 1 + -33 - (966 - 965)?
-33
Evaluate -10 - ((-72 - -27) + 11).
24
-6 - (0 + -6) - (-3 - -3) - 2
-2
Calculate -2 + 4 - (-13 - -15) - (-6 - -3).
3
18 + -5 + 3 + -15
1
What is -10 + 3 + 21 + -10?
4
Evaluate (-5 - -3) + 5 + -56 + 40 + -9.
-22
0 - -3 - (0 + 2 + 1) - 4
-4
What is the value of -31 + 38 + (4 - (0 - -4) - 11)?
-4
Evaluate (-14 - -10) + (5 - 2 - (-1 - 7)).
7
Calculate (-17 - -23 - (-3 - 12)) + 9 + -6.
24
-10 + (11 - -36) + -15 + 1
23
Calculate (-28 + 14 - -7) + -8 + -12.
-27
What is -48 - (-13 + (-4 - 4))?
-27
What is the value of (-7 - -12 - 2) + -17 + -3 + -1?
-18
Evaluate -8 + -13 + 2 + 0 - (9 - 5).
-23
What is the value of 7 - 1 - (-11 + 13)?
4
Evaluate 5 - (17 + 1 + 91 + -98).
-6
What is the value of -26 + -4 + (9 - 4)?
-25
What is the value of (-7 - -3) + 9 + (8 - 41) + 10?
-18
Evaluate (17 - 0) + -19 + 7.
5
(30 - -3) + (17 + -13 - 16)
21
-23 - (4 + 1 + -13)
-15
Calculate (7 - 6) + -2 - 10.
-11
Calculate 0 + 1 + (0 - 0) - 5.
-4
What is the value of (15 + 3 - -2) + (1 - 16)?
5
0 + -2 - (-22 + (7 - -12) + -17)
18
Calculate 25 + -1 + 4 + -1 + (-557 - -551).
21
Evaluate (-40 + 25 - (-2 + -18)) + (-1 - -3).
7
What is -11 - (-7 - (1 + -13))?
-16
Calculate 6 + (-3 - -2) + (4 - 3) + 8.
14
Evaluate (-5 - 4 - -10 - 6) + 7 + 12.
14
(12 - 4) + (-7 - -5) + -18
-12
Evaluate -3 - (-4 - -10 - -5 - 10).
-4
What is -2 + 0 + 0 - (1279 - 1293)?
12
Calculate 11 - (2 + -4 + 5) - (-27 - -18).
17
Evaluate (13 - (40 - 4)) + 14 + 4.
-5
What is -37 - -41 - (3 - (-3 + 3 - -1))?
2
What is -6 + 10 + (-6 - 2) + -2?
-6
Calculate (13 + -4 - 4) + -6.
-1
-10 + 0 - (252 - 271)
9
What is -7 - (-21 + -11 + (2 - -6))?
17
-1 + (1 - (1 + 1)) - (-2586 + 2585)
-1
Evaluate 1 + (14 + 5 - 7).
13
Evaluate 16 + (-10 - (-21 - -8 - -9)).
10
17 - (4 + -13 + 6 + (8 - 2))
14
Evaluate 21 - 8 - 10 - 14.
-11
What is the value of (-1 - 13 - 1) + (45 - 56)?
-26
Evaluate (-2 - -9) + -13 - (7 + (0 - 2)).
-11
6 + -22 + 14 - (2 + 0 + -2)
-2
What is the value of -6 + 5 - (14 - 4) - 6?
-17
What is 8 + (-2 - 6) - 11?
-11
What is 26 - (-36 - -16 - -24)?
22
What is the value of 6 + -3 + 2 - (-80 + 71)?
14
2485 + -2498 + 50 + -1 + -1
35
11 + (-14 - -14) + 1
12
Evaluate 6 + 7 - (-17 - -20).
10
What is 0 - -32 - (-34 + (18 - -9)) - 1?
38
Evaluate -5 - (-41 + 5 + 2 - -15).
14
Evaluate 0 + -6 - (-96 + (91 - 37)).
36
What is the value of 13 - (31 + -15 + -8)?
5
5 + 5 + (3 - -1) + -1 + -20
-7
Calculate (-1 - 4) + -2 + 2 + 0.
-5
-5 - (-11 + (1 - -3) - -4 - -1)
-3
-8 - ((-1 - 0) + (26 - 24))
-9
Evaluate -4 + (-10 - -19) + (15 - -1).
21
Calculate -11 + 22 - (33 - -16) - (0 + -12).
-26
6 - (-15 + (0 + 17 - 6))
10
What is 207 - 193 - (0 - -10)?
4
What is -3 + (5 - (-1 - 2)) - (-16 + 26)?
-5
Calculate 2 - -5 - (-8 - -5 - 0).
10
(13 - 1) + (-8 - -2)
6
What is the value of (-1 - -9) + (-8 - -6) - (4 + -2)?
4
-16 - (-48 - (-17 - -4))
19
What is the value of -13 - (-11 + 20) - 1?
-23
What is 7 + (5 - 7) - (33 + -22)?
-6
What is the value of -50 + 52 - (0 + 2 + (5 - 36))?
31
Evaluate 69 + -83 - ((-2 - 1) + (-3 - -8)).
-16
What is 0 + 1 + (6 - -7) + (4 - 29)?
-11
What is the value of 3 + ((5 - (1 - 2)) + -4 - 8)?
-3
Evaluate 0 - ((-2 - -2) + -1) - (-35 + 46).
-10
Calculate -9 - (-19 - (-12 + 5)).
3
What is the value of 44 - 1 - (-357 - -412)?
-12
What is 3 - 0 - 3 - -1 - 7?
-6
What is the value of 254 + -316 + 34 + -6?
-34
Calculate (27 - 37 - (-2 - -2)) + 21.
11
(-1 - -8) + -636 + 623
-6
Evaluate 1 + -5 - (-23 + 11) - (9 - 16).
15
Evaluate 6 + -16 + 11 - 26 - -16.
-9
What is (-229 - -266) + (-33 - -3)?
7
Evaluate -28 - (-26 - -11) - -4.
-9
Calculate -1 + 4 + 5 + -30 - -4 - 0.
-18
What is the value of -3 + -16 + 9 + 4 + -10 + 3?
-13
What is the value of (-6 - -3) + (-9 - -15) + -18?
-15
What is the value of 26 - (35 + (-2 - 16))?
9
What is 0 + (-2 - (5 - -1)) + 9?
1
Calculate 61 + -55 - (2 + 22 - 3).
-15
What is -20 + (-28 + 26 - -24)?
2
What is the value of ((-11 - (-19 - -10)) + -2 - 4) + 23?
15
What is 4 + -4 - (-27 - -43 - 3)?
-13
What is 0 - (9 + -10 - -15)?
-14
Evaluate -6 + 2 - (176 + -169).
-11
Calculate (1 - 8 - (-1 + -6)) + -12.
-12
16 + (10 - 4) + -7 + 20
35
Calculate -11 + 13 + -16 + 5.
-9
What is the value of 17 + 6 + -14 + -15 + (4 - 4)?
-6
What is (-11 - -8) + -3 + 4 - 1 - 6?
-9
Calculate 4 + (8 - 6 - 13) + -6 + -5.
-18
Evaluate (-324 - -304) + (15 - 0) + -7 + -1.
-13
What is 0 + -8 - (1 + (-4 - -4 - -1))?
-10
-86 + 90 - (9 - (-2 + 1))
-6
Evaluate 2 + (7 - (18 - 11)) + -3.
-1
2 + -26 - (-76 + 63)
-11
What is 10 - (-12 + 16 + 13)?
-7
Evaluate -14 + (3 - (6 + (1 + 4 - 14))).
-8
(-5 - ((-7 - -1) + 1 + 3)) + -3
-6
What is -20 + (3 + -6 - -10) + 3 + 0?
-10
What is the value of -161 + 193 + -1 + -9?
22
What is 4 + -12 + 18 - 4?
6
What is 3 + (4 - 3 - 3 - -6) + -7?
0
What is the value of -2 - 11 - (-5 - (2 + 3 + -5))?
-8
What is 9 + (-9 - 0 - 7)?
-7
(5 - (-7 + 18)) + -1
-7
Evaluate 4 + -17 + (75 - (61 - 20)).
21
Calculate 5 + -1 + -3 + 5 + 10 + 11.
27
Evaluate 28 + -8 + -1 + -3 + (-99 - -104).
21
What is the value of -27 + (9 + -3 - 1) - -8?
-14
Evaluate 2 + -18 + (46 - 52 - (0 + -3)).
-19
Calculate -7 - -1 - (2 + (-1 - 6) + 13).
-14
What is -1 + 15 - (6 + -7) - (-7 + 12)?
10
Calculate 13 + (8 + -7 + -6 - -1).
9
What is the value of -9 + 3 - ((-44 - -14) + 52)?
-28
What is (-41 - -39) + (1 - -1) - -11?
11
7 - 18 - 31 - -23
-19
Evaluate (-26 - (-70 - 12)) + (-19 - 0).
37
Calculate 67 - (0 + 33) - 38.
-4
Calculate (2 - 2 - 2) + -2 + (6 - -2).
4
Calculate (-4 - (12 + -21 - -5)) + (-14 - -1).
-13
Calculate (-32 - -52) + (1 - -2) + -9 + 1.
15
Calculate -15 + 3 + 7 + 6.
1
What is 15 - 43 - 3 - -10?
-21
(11 - 2) + 6 + (2 - 21)
-4
((-9 - -3) + 12 - -1) + -6
1
Evaluate 6 + -13 + 2 - (-3 + -11).
9
What is the value of -55 + -33 + 125 - (-1 + 11)?
27
What is the value of -25 + (-14 - -26) + 5?
-8
Evaluate 6 + (-28 - -12) - -21.
11
Evaluate 4 - ((43 - 12) + -18).
-9
What is (-17 - (9 + -14)) + 25?
13
Evaluate -38 + (-31 + 39 - (1 - 2)).
-29
(14 - (9 - 6 - -6)) + (4 - 0)
9
What is 11 + (-7 - (9 - (7 - 25)))?
-23
Evaluate -5 + (-51 - -52) + 1 + 0.
-3
Evaluate 9 - (7 + (7 - 15)).
10
-4 + -8 + (-2 + 0 - 19) - -7
-26
(5 - (-5 + 7 + -1)) + (-6 - -2)
0
Calculate -12 + 11 + -12 + -13 + 5.
-21
Calculate (4 - (15 - -1) - -5) + 4 + 2.
-1
Evaluate (-1 - 14) + (42 - 42) - -7.
-8
What is the value of 28 - (-1 - 12 - -10)?
31
What is -14 - (-16 + -7 + 17)?
-8
What is the value of (14 + -13 - 12) + -3 + -2?
-16
What is 31 + (-9 - (20 - (39 - 15)))?
26
Evaluate -1 - 1 - (-2 + 38 - 14).
-24
(10 + -2 - 4) + 13 + -5
12
Calculate 12 - -2 - (95 + -68).
-13
What is the value of 530 - 549 - (1 + -38)?
18
Calculate -39 + (-18 - -25) - (-2 + -5).
-25
(16 - 4) + 1 + 4 + -5 + -3
9
Evaluate 1 + -1 + -7 + -1240 + 1218.
-29
(-9 - 1) + (29 - (30 + -18)